ctors of t.
3, 67
Let j(t) = -t**2 + 12*t - 18. What are the prime factors of j(10)?
2
Let f(b) = -2*b - 6. Let z be f(-4). Suppose 4 = z*l - 2. List the prime factors of l.
3
Suppose 4*j - 9 = -1. Let s be 2 - (-86 + j)/1. Suppose -3*c = -5*d - s, 38 = c - d - 3*d. What are the prime factors of c?
2, 11
Suppose -5*n - 3*i = -5*i - 5, -4*i + 5 = -5*n. Let j be -1 + (2 - n) + 2. Suppose 0 = d - 3 - j. What are the prime factors of d?
3
Suppose 0 = 3*x - x - 8, 5*z + 5*x = 50. Let w = z - 3. List the prime factors of w.
3
Let q = 97 + -47. Suppose 4*g + q = 6*g. Let n = g - 15. List the prime factors of n.
2, 5
Suppose 2*g - 3*l - 46 = 207, 3*g = -4*l + 371. List the prime factors of g.
5
Suppose -h + 16 = -3*h. Let q(f) = 4*f + 5. Let j(p) = 11*p + 14. Let k(m) = h*q(m) + 3*j(m). What are the prime factors of k(8)?
2, 5
Let o(x) = -30*x + 2. What are the prime factors of o(-2)?
2, 31
Let n = -11 + 30. What are the prime factors of n?
19
Suppose -10*u + 1358 + 1492 = 0. List the prime factors of u.
3, 5, 19
Let v = 0 - 0. Let j = v + 5. Suppose -j*q = -0*q - 55. List the prime factors of q.
11
Let b(r) = r. Suppose -2 = -3*k + 19. List the prime factors of b(k).
7
Let j(k) = -k**3 - 6*k**2 + 4. Let b be j(-6). What are the prime factors of 98/8 + (-1)/b?
2, 3
Let m be 0 + (-25)/(0 - 1). Suppose -40 = 5*j + m. Let l(i) = i**2 + 12*i + 1. List the prime factors of l(j).
2, 7
Suppose -5*i = -14 - 1. Suppose i*j = 2*j. List the prime factors of (j + -1)*(1 - 18).
17
Let k(i) = -17*i - 6. List the prime factors of k(-6).
2, 3
Suppose -5*a + 2*i - 18 = 0, 3*a - 6 = 2*a - 2*i. List the prime factors of (48/(-28))/(a/7).
2, 3
Let r be 194/(-10) - (-3)/(-5). List the prime factors of ((-35)/r)/((-1)/(-12)).
3, 7
Let i(k) = k + 6. Let s be (-30)/(5 - 2) + 2. Let g be i(s). List the prime factors of (5 + g*1)/1.
3
Let b(i) = 3*i - 4. Let w(t) = t**3 + 11*t**2 - t - 3. Let z be w(-11). List the prime factors of b(z).
2, 5
Let g = -7 + 11. Let p(u) = 5*u + 8 - 2 + g + u**2 - 2. What are the prime factors of p(-6)?
2, 7
Suppose d + 195 = 2*d. Suppose 5*t = d + 20. What are the prime factors of t?
43
Let p = 6 - 6. Suppose 3*y = -3*r + 33, 0 = -2*r + y - p + 16. List the prime factors of r.
3
Let y(j) = j**3 + 6*j**2 - 2*j. Let z be (-1)/(-2) - (-93)/6. Let p = z - 22. What are the prime factors of y(p)?
2, 3
Suppose -4*o - 5*n = -2*n, -5*o = 4*n. Let c = 5 - o. What are the prime factors of c?
5
Let g(m) = 3*m - 7*m**2 - 4 + m**2 + 7*m**2. List the prime factors of g(-5).
2, 3
Let f be ((-3)/(-6))/(2/120). What are the prime factors of 612/f + 2/(-5)?
2, 5
Let b = 8 + -2. Suppose b*x = x + 70. List the prime factors of x.
2, 7
Suppose -14 = -w + 5*i, -i + 4 - 98 = -4*w. What are the prime factors of w?
2, 3
Let g be (3 - 1) + 18/6. Suppose g*c + 167 = 4*f, 0 = f - 4*f - 3*c + 159. List the prime factors of f.
2, 3
Suppose 0 = -4*u + u. Suppose u = -5*c + 2*c + 6. Suppose -c*y = -11 - 5. What are the prime factors of y?
2
Let z = 4 + 1. Suppose 0*u = -z*u + 110. What are the prime factors of u?
2, 11
Let o(d) = d - 4. Let l be o(13). Let n = -8 + l. List the prime factors of (n - -1)/((-2)/(-24)).
2, 3
Let f(a) = a**2 - 6 + 3 - 5*a + 5. Let o be f(4). Let n = o + 9. What are the prime factors of n?
7
Let b(i) = 1 + 2*i - 3*i + 0*i - i**2 + i**3. Let w be b(0). Suppose a - 3 + w = 0. List the prime factors of a.
2
Suppose s = -0*s - 4*w + 15, -4*w = 2*s - 18. Let a(p) = -p**3 + 5*p**2 - 2*p - 2. List the prime factors of a(s).
2, 5
Let s(g) = -3*g + 4. Let c(b) = 2*b**3 + 3*b**2 + b. Let i be c(-2). What are the prime factors of s(i)?
2, 11
What are the prime factors of (-5)/25*0 - -21?
3, 7
Let h = -10 + 30. What are the prime factors of h?
2, 5
Let z = -3 + 21. Suppose 0 = 3*v - 3*j - 9, 2*j + 0*j = -2*v + z. List the prime factors of v.
2, 3
Suppose 4*i - 16 = 40. What are the prime factors of i?
2, 7
Suppose -7 = -f - 0*f. Suppose -2*b + f = 1. Suppose 0*g - b*g = -36. What are the prime factors of g?
2, 3
What are the prime factors of (10/6 + -1)/((-8)/(-420))?
5, 7
Let d = 428 + -287. List the prime factors of d.
3, 47
Let b be (2 - (1 + 0)) + 6. Let j = b + 1. List the prime factors of j.
2
Suppose 35 = 4*v - 1. Suppose -4*x + 12 = 2*l, 0*l = 3*l - 3*x - v. Suppose 3*t + 9*d + 14 = l*d, -3*d - 12 = 0. List the prime factors of t.
2
Let y(w) = w - 10. Let i be y(-7). Let h be 30 + 0*(-3)/(-6). Let u = i + h. What are the prime factors of u?
13
Suppose b = 4*m - 17, 0*m + 16 = -3*b + 5*m. Suppose 3*x = 3*s - 8 - 7, 0 = b*s + 3*x - 15. What are the prime factors of s?
5
Let y(p) = p**2 + 6*p - 6. Let l be y(-6). Let v = 0 - -6. What are the prime factors of v/2*(-20)/l?
2, 5
Let z be (0 - -2) + (5 - -1). Let b = 4 - 9. Let w = z + b. List the prime factors of w.
3
Let d = 47 - 39. What are the prime factors of d?
2
Suppose -2*b + 2*z + 12 + 6 = 0, -2*b + 20 = -z. Let j = 15 - b. List the prime factors of j.
2
Suppose 5*n + 79 = 4*n - 3*z, -3*z + 177 = -3*n. What are the prime factors of n/(-6)*(-6)/(-4)?
2
Let g(y) = 3*y**2 - 3*y + 2. What are the prime factors of g(-3)?
2, 19
Suppose -5*s - 148 = -f, 0 = 4*f + 2*s - 164 - 318. List the prime factors of f.
3, 41
Let w(z) = -2*z - 17. Let y be w(-10). Suppose y*q - 20 = 16. List the prime factors of q.
2, 3
Suppose -3*m = 2*m - 420. What are the prime factors of m?
2, 3, 7
Let l(z) = -z**2 + 12. What are the prime factors of l(0)?
2, 3
Let o be 2*(0 - 1) - -10. Let g be 2/(-2*(-2)/o). Suppose u = 4*j + 3*u - 34, u = g*j - 37. What are the prime factors of j?
3
Let j be 2/((-1)/2 - 0). What are the prime factors of (19 - -2) + (j - -3)?
2, 5
Let s = -49 - 105. What are the prime factors of s/(-6) - (-2)/(-3)?
5
Let u(t) = -2*t - 7. Suppose -2*m + 5*x + 5 = 0, -2*x = m - 0 + 11. What are the prime factors of u(m)?
3
Suppose 41 + 65 = y. List the prime factors of y.
2, 53
Let o be ((-12)/16)/((-1)/8). Suppose -o = -3*g, -l + 4*g - 2*g - 2 = 0. What are the prime factors of l?
2
Let c(a) = -2*a + 10. Let u(n) = n - 9. Let v(q) = 3*c(q) + 4*u(q). Let g be 1*(-1 + 2)*-6. List the prime factors of v(g).
2, 3
Let n be (4/(-4))/((-1)/2). Let o(q) = -2*q**2 - q + q**3 + 0*q**n + q**2 - 1 - 2*q**2. List the prime factors of o(4).
11
Let n = -21 - 70. What are the prime factors of 992/26 - (-14)/n?
2, 19
Let u be (2/4)/((-1)/(-12)). Suppose 3*s - 74 + 14 = 0. Suppose s = u*x - x. List the prime factors of x.
2
Let t(u) = u**3 - 13*u**2 + 23*u + 25. What are the prime factors of t(11)?
2, 3
Suppose 3*v - 3*u = -27, -1 = v - 6*u + 3*u. Let b = v + 21. What are the prime factors of b?
2
Let x be (-4*5)/1 - -2. Let r = 41 + x. What are the prime factors of r?
23
Let d(n) = -n - 1. Let z = 22 - 25. List the prime factors of d(z).
2
What are the prime factors of (-317)/(-11) - (-2)/11?
29
Let z = 23 - 25. List the prime factors of z - 0 - (4 + -49).
43
Let o = -34 + 133. Suppose -z = 2*z - o. Suppose 2*a = 5*a - z. List the prime factors of a.
11
Let b be 6 - 0*(-3 + 4). What are the prime factors of 38/b*3/1?
19
Let a = 4 - 2. Suppose a*c = 4*c - 2*g - 22, 10 = -5*g. What are the prime factors of c?
3
Let f(g) = 3*g - 8. What are the prime factors of f(10)?
2, 11
Let m(y) = y - 4. Let j be m(5). Let p = 5 - j. Suppose p*k = 4*a - 0*a - 12, -5*k = a - 15. List the prime factors of k.
2
Let o(y) = 7*y**2 + 4*y + 10. List the prime factors of o(-7).
5, 13
Let l(i) be the first derivative of -i**4/4 + 2*i**3 + 3*i**2 + 9*i - 1. Let a be l(7). Suppose -y = -a - 9. List the prime factors of y.
11
Suppose -x - w = 3 + 1, -x + 4*w = -16. Let q be x + 1 + (-3 - -1). Let n(m) = -5*m - 1. List the prime factors of n(q).
2
Suppose 4 = -2*s + 14. Suppose 6 + 4 = s*y. Suppose 0 = 4*t - 2*w - 18, -3*t + 2*w = y*t - 23. List the prime factors of t.
5
Suppose 0 = q - 8 + 23. Let g be ((-6)/q)/(2/480). List the prime factors of 2/3*g/8.
2
Let o(a) = 12*a**2 + 2*a - 1. What are the prime factors of o(2)?
3, 17
Let m be ((-1)/2 - 2)*4. Let k(c) = -c**3 - 5*c**2 + 2. Let a be k(-4). Let b = m - a. List the prime factors of b.
2
Suppose 3 = 2*n + z + 8, 5*n = 4*z - 32. Let w(t) be the third derivative of -t**4/12 - 2*t**2. List the prime factors of w(n).
2
Suppose -3*l - 15 = 3*g - 45, -5*l - 2*g = -35. Suppose 149 = 3*o - l*m, 6*m + 12 = 3*